{"id":582,"date":"2024-02-14T23:28:28","date_gmt":"2024-02-14T23:28:28","guid":{"rendered":"https:\/\/e-uaem.mx\/ofertaeducativa2\/?page_id=582"},"modified":"2024-02-16T21:32:46","modified_gmt":"2024-02-16T21:32:46","slug":"psicologia-pe","status":"publish","type":"page","link":"http:\/\/ofertaeducativa.e-uaem.mx\/?page_id=582","title":{"rendered":"Perfil de egreso | Psicolog\u00eda"},"content":{"rendered":"\t\t<div data-elementor-type=\"wp-page\" data-elementor-id=\"582\" class=\"elementor elementor-582\">\n\t\t\t\t<div class=\"elementor-element elementor-element-60ff9a1 e-flex e-con-boxed e-con e-parent\" data-id=\"60ff9a1\" data-element_type=\"container\" data-e-type=\"container\">\n\t\t\t\t\t<div class=\"e-con-inner\">\n\t\t\t\t<div class=\"elementor-element elementor-element-1752d522 elementor-widget elementor-widget-text-editor\" data-id=\"1752d522\" data-element_type=\"widget\" data-e-type=\"widget\" data-widget_type=\"text-editor.default\">\n\t\t\t\t<div class=\"elementor-widget-container\">\n\t\t\t\t\t\t\t\t\t<div style=\"text-align: justify;\">\n<div class=\"has-medium-font-size\">\n<p>Como licenciado\/a en psicolog\u00eda podr\u00e1s elaborar, ejecutar y evaluar proyectos de investigaci\u00f3n e intervenci\u00f3n en los siguientes campos:<\/p>\n<ul>\n<li>Cl\u00ednico: Consulta privada o instituciones p\u00fablicas dedicadas a la prevenci\u00f3n, diagn\u00f3stico y tratamiento de las enfermedades mentales, como el Centro de Integraci\u00f3n Juvenil e Instituciones de salud<\/li>\n<li>Educativo: Instituciones educativas privadas o p\u00fablicas, como la UAEM, SEP e INEA, entre otras<\/li>\n<li>Laboral: F\u00e1bricas, empresas e instituciones p\u00fablicas y privadas donde se requiera el reclutamiento, selecci\u00f3n, capacitaci\u00f3n y motivaci\u00f3n del personal<\/li>\n<li>Social: Instituciones p\u00fablicas, privadas y organizaciones no gubernamentales dedicadas a la investigaci\u00f3n de fen\u00f3menos sociales, tales como la SEP, INEA, DIF y SEDUE, entre otras<\/li>\n<\/ul>\n<\/div>\n<\/div>\t\t\t\t\t\t\t\t<\/div>\n\t\t\t\t<\/div>\n\t\t\t\t\t<\/div>\n\t\t\t\t<\/div>\n\t\t\t\t<\/div>\n\t\t","protected":false},"excerpt":{"rendered":"<p>Como licenciado\/a en psicolog\u00eda podr\u00e1s elaborar, ejecutar y evaluar proyectos de investigaci\u00f3n e intervenci\u00f3n en los siguientes campos: Cl\u00ednico: Consulta privada o instituciones p\u00fablicas dedicadas a la prevenci\u00f3n, diagn\u00f3stico y &#8230;<\/p>\n","protected":false},"author":1,"featured_media":0,"parent":0,"menu_order":0,"comment_status":"closed","ping_status":"closed","template":"","meta":{"footnotes":""},"class_list":["post-582","page","type-page","status-publish","hentry"],"_links":{"self":[{"href":"http:\/\/ofertaeducativa.e-uaem.mx\/index.php?rest_route=\/wp\/v2\/pages\/582","targetHints":{"allow":["GET"]}}],"collection":[{"href":"http:\/\/ofertaeducativa.e-uaem.mx\/index.php?rest_route=\/wp\/v2\/pages"}],"about":[{"href":"http:\/\/ofertaeducativa.e-uaem.mx\/index.php?rest_route=\/wp\/v2\/types\/page"}],"author":[{"embeddable":true,"href":"http:\/\/ofertaeducativa.e-uaem.mx\/index.php?rest_route=\/wp\/v2\/users\/1"}],"replies":[{"embeddable":true,"href":"http:\/\/ofertaeducativa.e-uaem.mx\/index.php?rest_route=%2Fwp%2Fv2%2Fcomments&post=582"}],"version-history":[{"count":4,"href":"http:\/\/ofertaeducativa.e-uaem.mx\/index.php?rest_route=\/wp\/v2\/pages\/582\/revisions"}],"predecessor-version":[{"id":629,"href":"http:\/\/ofertaeducativa.e-uaem.mx\/index.php?rest_route=\/wp\/v2\/pages\/582\/revisions\/629"}],"wp:attachment":[{"href":"http:\/\/ofertaeducativa.e-uaem.mx\/index.php?rest_route=%2Fwp%2Fv2%2Fmedia&parent=582"}],"curies":[{"name":"wp","href":"https:\/\/api.w.org\/{rel}","templated":true}]}}